*q + 916. List the prime factors of v(-39).
2, 2213
Suppose -771 - 1707 = -14*k. List the prime factors of k.
3, 59
Suppose 0 = 4*b - 2*b - 18. Let n(k) = -k**2 + 5*k - 3. Let z be n(0). List the prime factors of (-2)/z + 57/b.
7
Let f be (6*6/(-84))/((-1)/7). Suppose 5*j + 19 = f*n + 567, -n - 1 = 0. What are the prime factors of j?
109
Let i(f) = f**2 + 12*f + 24. Let g be i(-11). Suppose -g*v + 8 = -9*v. Suppose 0 = 2*b - 8, 4*b = -5*l + v*b + 308. List the prime factors of l.
2, 3, 5
Suppose 16 = -r + 5*v, 2*v + v + 16 = -r. Let q be (18/(-27))/(2/(-75)). Let o = r + q. What are the prime factors of o?
3
Let s(d) = -d**3 - 6*d**2 + d + 8. Let h be s(-6). Let j(g) = -3*g - 6*g + 7*g**2 + 8 - 4*g**h. What are the prime factors of j(6)?
2, 31
Let j = 814 + -575. Suppose 4*f = 3*m + j + 27, -3*m + 346 = 5*f. Let q = -3 + f. List the prime factors of q.
5, 13
Suppose -3*w = 4*g - 2052 - 261, -4*w + 5*g + 3053 = 0. List the prime factors of w.
13, 59
Suppose 0 = -0*i + 7*i - 84. Suppose 4*l = 10*l - i. Suppose 4*q = l*q + 76. List the prime factors of q.
2, 19
Let v(n) = 42*n**2 + 3*n + 4. Let b = -38 + 36. List the prime factors of v(b).
2, 83
Let g(d) = 2031*d**2 - 27*d - 1. List the prime factors of g(-1).
11, 17
List the prime factors of (732/16)/(-2*15/(-2000)).
2, 5, 61
Suppose -2*v - 945 = 5*x, -5*x + v - 389 - 556 = 0. Let f = x + 511. List the prime factors of f.
2, 7, 23
Let z(r) be the first derivative of r**3 + r**2 - 3*r - 10. List the prime factors of z(3).
2, 3, 5
Suppose -4*b + 3*x - 163 = 0, -b - 5*x = 11 + 24. List the prime factors of b/(4 + -6) + -3.
17
Suppose -r + 4*m - 1 + 22 = 0, 0 = 4*m + 16. Suppose 6*f = 13 + r. What are the prime factors of f?
3
Let y be 6/4 - (-11)/22. Suppose 5*z - y*b - 88 = 0, -b - 2*b = 5*z - 93. What are the prime factors of 399/27 - (-4)/z?
3, 5
Let x = -1354 - -3373. What are the prime factors of x?
3, 673
Suppose -4*r + 8*i - 11*i = -2925, -5*i = -15. What are the prime factors of r?
3
Let x be (1 - (3 - 2))/2. Suppose x = 6*l - 10*l + 396. List the prime factors of l.
3, 11
Let d be ((0/(-1))/3)/(-2). Suppose 0 = 2*j - 3*j + 3*a + 64, 5*j - 375 = 4*a. Suppose 3*n = -m + 17, n = -4*m - d*n + j. What are the prime factors of m?
2, 5
Suppose 4*j - 5287 = -13*j. What are the prime factors of j?
311
Let o(n) = -42*n - 296. What are the prime factors of o(-30)?
2, 241
Suppose -20 = -y - 5*n, -73 = -5*y + n + n. Suppose -w = -24 - y. What are the prime factors of w?
3, 13
Suppose 5*s = 4*c - 7709, -7712 = -2*c - 2*c + 4*s. List the prime factors of c.
1931
Let q be (-2)/3*21/2. Let j(n) = -4*n - 13. What are the prime factors of j(q)?
3, 5
Let b = 3 + 18. Suppose 3 = -o + 6*o - 4*i, -b = -2*o - 5*i. Suppose 0*m + 3*m - 13 = -t, -o*t - 4*m + 29 = 0. List the prime factors of t.
7
Let v = 619 + -463. What are the prime factors of v?
2, 3, 13
Let z be 2*(-99)/(-2) - 1. Let s = z + -63. List the prime factors of s.
5, 7
Let l(w) = w**3 - 7*w**2 + 7*w - 3. Let x be l(6). Suppose -x*c + 6 = -0*c. Suppose 4*j - 5*n = 48, 4*j + n = c*j + 24. List the prime factors of j.
2, 3
Let t = 53 + 79. List the prime factors of t.
2, 3, 11
Let r(z) = -23*z - 22. Suppose -15 = -3*i, -n + 0*n + 9 = 3*i. List the prime factors of r(n).
2, 29
Suppose 0 = 5*m - 2*g + 1, 3*m + g + 5 + 0 = 0. List the prime factors of (10 - 2)/(m/(-12)).
2, 3
Let o(t) = -t - 8. Let f be o(-10). Suppose 9*h + 181 = 2*i + 4*h, 4*i = -f*h + 302. List the prime factors of i.
2, 3, 13
Let b be 368 - 1/(3/(-3)). Suppose 6*p - 783 = b. List the prime factors of p.
2, 3
Let f be (3 - 0)*(5 - 359/3). Let i = -135 - f. What are the prime factors of i?
11, 19
Suppose -4*i + 9485 = -y, 6*i + 0*y + 2*y - 14238 = 0. What are the prime factors of i?
2, 593
Suppose 4*n = -2*v + 13264, -4*n = 28*v - 25*v - 13262. What are the prime factors of n?
31, 107
Let y be (-1 - (-2 + 2))*-4. Suppose 3*q + 18 = y*q. Let v = q - 5. What are the prime factors of v?
13
Let i(k) = -k**2 + 12*k. Let o be i(12). Suppose -3*q + 86 - 17 = o. Let v = q + -8. List the prime factors of v.
3, 5
What are the prime factors of 4299*35/21*3/15?
1433
Let q(k) = 160*k - 302. What are the prime factors of q(6)?
2, 7, 47
Let n = 784 + -500. List the prime factors of n.
2, 71
Let f(w) = w**3 - 8*w**2 - 4*w. Let t be f(5). List the prime factors of 703/t*(-1 - 4).
37
List the prime factors of (1/(3/(-111)))/(42/(-2058)).
7, 37
Suppose -2*o - 10 = 4*p, 0*o - p = -2*o + 5. What are the prime factors of (3/o)/((-39)/(-338))?
2, 13
Let b(g) = -g + 4*g + 4*g**2 - 7*g + 8. What are the prime factors of b(4)?
2, 7
Let o(t) = t**3 - t**2. Let c(d) = -3*d**3 + 4*d**2 + 3*d - 6. Let x(w) = c(w) + 2*o(w). Let y be x(3). List the prime factors of y*(-14 - -3 - -2).
2, 3
Let o(a) = 4*a - 3*a + 2 - 4. Let c be o(2). Suppose -z + 7 + 16 = c. List the prime factors of z.
23
Let a be 6*4 + (-3 - -5). Let w = a - -4. Suppose z - 5 = w. What are the prime factors of z?
5, 7
Let v(b) = 72*b + 198. What are the prime factors of v(7)?
2, 3, 13
Suppose -2*g - 3*m + 40 = 0, 4*g = 5*m + 43 - 7. Suppose 4*a = l + g, 4*a = 2*l - a + 16. List the prime factors of l.
2
Let d = -28 + 19. What are the prime factors of (-153)/(-2)*(-7 - d)?
3, 17
Let t(y) = -8*y - 5. Suppose -5*x - 3 + 18 = 0. Suppose -1 = -x*z - 7. List the prime factors of t(z).
11
Let k(l) = 124*l - 106. What are the prime factors of k(15)?
2, 877
Let q = 433 + 293. What are the prime factors of q?
2, 3, 11
Let o(n) = -4*n - 13. Let i(p) = 9*p + 26. Let g(v) = 4*i(v) + 7*o(v). List the prime factors of g(6).
61
Suppose -5*t + 0*t = -635. What are the prime factors of t?
127
Let p(f) = 3*f**2 + 27*f - 112. What are the prime factors of p(12)?
2, 7, 23
Let z(o) = 3*o**2 + 4*o + 5. Suppose 3*i - 1 = -m + i, 4*m - i = -14. Let d be z(m). Let b = d - 6. List the prime factors of b.
2, 7
Let t(q) be the first derivative of -q**2/2 - 5*q + 3. Let z be t(-7). Suppose -2*g + 5*s = -11, z*g - 4 - 5 = 3*s. List the prime factors of g.
3
Suppose 5555 = 200*d - 195*d. What are the prime factors of d?
11, 101
Suppose -412*s + 6471 = -403*s. What are the prime factors of s?
719
Let j(k) = -k**3 + 9*k**2 - k + 18. Let x be j(9). Let t(f) = -f**3 + 8*f**2 + 11*f + 1. List the prime factors of t(x).
19
Suppose 0 = -k + 5*v + 160, 0 = -4*k - 34*v + 35*v + 602. What are the prime factors of k?
2, 3, 5
Let f = 0 - -8. Suppose z = f + 55. List the prime factors of z.
3, 7
Suppose -2*v + 26 = 4*q, q + 7 + 0 = -5*v. Let n be (-3)/(12/q)*-2. Suppose 3*p - n*t - 77 = 0, -t + 132 = 4*p + t. What are the prime factors of p?
31
Let o = -17 - -23. Suppose n + 4*u + 0*u = 100, -n + 100 = u. Suppose o*j = j + n. List the prime factors of j.
2, 5
Let m = -18 + 20. Suppose -3*x - 348 = -3*t, -m*t - x = -0*x - 235. List the prime factors of t.
3, 13
Suppose -5*f - 73 = 4*m, -6 - 19 = 5*f. Let i = m - -18. Let j(b) = -b**2 + 10*b - 7. List the prime factors of j(i).
17
Suppose -1605 = -5*w - 3*p, -6*p - 668 = -2*w - 2*p. What are the prime factors of w?
2, 3
Let t(j) = j**3 - 7*j**2 - 4. Let q be t(7). Let l = 30 + q. List the prime factors of l.
2, 13
Let x be -2 + (-3 - -7) - -3. Let c(r) = -r**3 + 6*r**2 - 7*r + 2. Let d be c(x). Let g(n) = -2*n + 3. What are the prime factors of g(d)?
19
Let j(i) = -21*i - 67. What are the prime factors of j(-16)?
269
Let b(k) = 8*k**3 - k**2 + 1. Let t = -1 + 2. Let s be b(t). Suppose c = -q + 3, -3*c - s = q - 1. What are the prime factors of q?
2
Let n(r) = 15*r + 1. Suppose s + 2*s = 4*b - 15, 5*b - 12 = -3*s. Let j be n(s). Let g = j + 25. What are the prime factors of g?
11
Suppose -3*o - o + 12 = 0. Let h be ((-8)/(-3))/(o/18). List the prime factors of (h/10)/((-2)/(-20)).
2
List the prime factors of 0 - 4111/(-5) - 4/20.
2, 3, 137
Let q = 38 - 33. Let n(l) = 18 + l + q*l - 6*l - l. List the prime factors of n(11).
7
Let v(o) be the third derivative of o**5/15 - o**3/6 - 5*o**2. Let j be v(-1). Suppose -j*x - 45 = -192. What are the prime factors of x?
7
Let i(c) = c**2 + 21*c + 92. List the prime factors of i(-15).
2
Let n(d) = 129*d**2 - 2*d + 2. Let h(v) = -v. Let t(j) = -h(j) + n(j). Let z be t(1). Suppose 5*r - z = 120. List the prime factors of r.
2, 5
Suppose -3*l + 2975 = 5*o, 2*o - 4326 = -5*l + 645. List the prime factors of l